{"id":1588,"date":"2023-08-30T17:43:26","date_gmt":"2023-08-30T15:43:26","guid":{"rendered":"https:\/\/www.sbcprefa.fr\/?page_id=1588"},"modified":"2025-10-06T15:52:23","modified_gmt":"2025-10-06T13:52:23","slug":"securite-routiere","status":"publish","type":"page","link":"https:\/\/www.sbcprefa.fr\/index.php\/securite-routiere\/","title":{"rendered":"\u00c9L\u00c9MENTS DE PROTECTION"},"content":{"rendered":"\n<h2 class=\"wp-block-heading has-text-align-center\">\u00c9L\u00c9MENTS DE PROTECTION ET S\u00c9CURIT\u00c9 URBAINE<\/h2>\n\n\n<div class=\"wp-block-image\">\n<figure class=\"aligncenter size-full is-resized\"><img loading=\"lazy\" decoding=\"async\" width=\"308\" height=\"172\" src=\"https:\/\/www.sbcprefa.fr\/wp-content\/uploads\/2025\/10\/CO2-_SBC.jpg\" alt=\"Empreinte carbone d\u00e9duite\" class=\"wp-image-2677\" style=\"width:200px;height:auto\" srcset=\"https:\/\/www.sbcprefa.fr\/wp-content\/uploads\/2025\/10\/CO2-_SBC.jpg 308w, https:\/\/www.sbcprefa.fr\/wp-content\/uploads\/2025\/10\/CO2-_SBC-300x168.jpg 300w\" sizes=\"auto, (max-width: 308px) 100vw, 308px\" \/><\/figure>\n<\/div>\n\n\n<h1 class=\"wp-block-heading has-text-align-center has-text-color has-link-color wp-elements-a7bb197e051c2e03057134fd8831d454\" style=\"color:#009ee2\">Gamme SBC 34<\/h1>\n\n\n\n<p class=\"has-text-align-center\"><strong>El\u00e9ments de protection chasse-roues pour voies urbaines, terre-pleins centraux et ronds-points<\/strong><\/p>\n\n\n<div class=\"wp-block-image\">\n<figure class=\"aligncenter size-large\"><img loading=\"lazy\" decoding=\"async\" width=\"1024\" height=\"396\" src=\"https:\/\/www.sbcprefa.fr\/wp-content\/uploads\/2023\/09\/SBC-34-1024x396.jpg\" alt=\"\" class=\"wp-image-1716\" srcset=\"https:\/\/www.sbcprefa.fr\/wp-content\/uploads\/2023\/09\/SBC-34-1024x396.jpg 1024w, https:\/\/www.sbcprefa.fr\/wp-content\/uploads\/2023\/09\/SBC-34-300x116.jpg 300w, https:\/\/www.sbcprefa.fr\/wp-content\/uploads\/2023\/09\/SBC-34-768x297.jpg 768w, https:\/\/www.sbcprefa.fr\/wp-content\/uploads\/2023\/09\/SBC-34-1536x593.jpg 1536w, https:\/\/www.sbcprefa.fr\/wp-content\/uploads\/2023\/09\/SBC-34.jpg 2040w\" sizes=\"auto, (max-width: 1024px) 100vw, 1024px\" \/><\/figure>\n<\/div>\n\n\n<figure class=\"wp-block-table\"><table class=\"has-fixed-layout\"><thead><tr><th class=\"has-text-align-center\" data-align=\"center\">\u00e9l\u00e9ment droit<\/th><th class=\"has-text-align-center\" data-align=\"center\">sifflets (g\/d)<\/th><th class=\"has-text-align-center\" data-align=\"center\">\u00e9l\u00e9ment d&rsquo;angle<\/th><th class=\"has-text-align-center\" data-align=\"center\">\u00e9l\u00e9ment courbe<\/th><\/tr><\/thead><tbody><tr><td class=\"has-text-align-center\" data-align=\"center\">Longueur : 1 m<br>Poids : 100 kg<\/td><td class=\"has-text-align-center\" data-align=\"center\">Longueur : 1 m<br>Poids : 75 kg<\/td><td class=\"has-text-align-center\" data-align=\"center\">Rayon : 0,18 m<br>Poids 38 kg<\/td><td class=\"has-text-align-center\" data-align=\"center\">Rayon : 0,85 m<br>Poids : 145 kg<\/td><\/tr><\/tbody><\/table><\/figure>\n\n\n\n<p class=\"has-text-align-center has-small-font-size\">D\u00e9moulage diff\u00e9r\u00e9 finition lisse b\u00e9ton gris ou blanc avec possibilit\u00e9 de peinture sur demande<\/p>\n\n\n\n<div style=\"height:40px\" aria-hidden=\"true\" class=\"wp-block-spacer\"><\/div>\n\n\n\n<h1 class=\"wp-block-heading has-text-align-center has-text-color has-link-color wp-elements-7f4854779d754883f36f3024b4c438d6\" style=\"color:#009ee2\">Gamme SBC 50<\/h1>\n\n\n\n<p class=\"has-text-align-center\"><strong>El\u00e9ments de protection chasse-roues pour voies urbaines, terre-pleins centraux et ronds-points<\/strong><\/p>\n\n\n<div class=\"wp-block-image\">\n<figure class=\"aligncenter size-large\"><img loading=\"lazy\" decoding=\"async\" width=\"1024\" height=\"362\" src=\"https:\/\/www.sbcprefa.fr\/wp-content\/uploads\/2023\/09\/SBC-50-1024x362.jpg\" alt=\"\" class=\"wp-image-1730\" srcset=\"https:\/\/www.sbcprefa.fr\/wp-content\/uploads\/2023\/09\/SBC-50-1024x362.jpg 1024w, https:\/\/www.sbcprefa.fr\/wp-content\/uploads\/2023\/09\/SBC-50-300x106.jpg 300w, https:\/\/www.sbcprefa.fr\/wp-content\/uploads\/2023\/09\/SBC-50-768x272.jpg 768w, https:\/\/www.sbcprefa.fr\/wp-content\/uploads\/2023\/09\/SBC-50-1536x543.jpg 1536w, https:\/\/www.sbcprefa.fr\/wp-content\/uploads\/2023\/09\/SBC-50-2048x725.jpg 2048w\" sizes=\"auto, (max-width: 1024px) 100vw, 1024px\" \/><\/figure>\n<\/div>\n\n\n<figure class=\"wp-block-table\"><table class=\"has-fixed-layout\"><thead><tr><th class=\"has-text-align-center\" data-align=\"center\">\u00e9l\u00e9ments droits<\/th><th class=\"has-text-align-center\" data-align=\"center\">sifflets (g\/d)<\/th><th class=\"has-text-align-center\" data-align=\"center\">\u00e9l\u00e9ment d&rsquo;angle<\/th><th class=\"has-text-align-center\" data-align=\"center\">\u00e9l\u00e9ment courbe<\/th><\/tr><\/thead><tbody><tr><td class=\"has-text-align-center\" data-align=\"center\">Longueur : 0,5 m<br>Poids : 107 kg<\/td><td class=\"has-text-align-center\" data-align=\"center\">Longueur : 1 m<br>Poids : 200 kg<\/td><td class=\"has-text-align-center\" data-align=\"center\">Rayon : 0,24 m<br>Poids 38 kg<\/td><td class=\"has-text-align-center\" data-align=\"center\">Rayon : 1 m<br>Poids : 287 kg<\/td><\/tr><tr><td class=\"has-text-align-center\" data-align=\"center\">Longueur : 1 m<br>Poids : 215 kg<\/td><td class=\"has-text-align-center\" data-align=\"center\">&#8211;<\/td><td class=\"has-text-align-center\" data-align=\"center\">&#8211;<\/td><td class=\"has-text-align-center\" data-align=\"center\">&#8211;<\/td><\/tr><tr><td class=\"has-text-align-center\" data-align=\"center\">Longueur : 2 m<br>Poids : 430 kg<\/td><td class=\"has-text-align-center\" data-align=\"center\">&#8211;<\/td><td class=\"has-text-align-center\" data-align=\"center\">&#8211;<\/td><td class=\"has-text-align-center\" data-align=\"center\">&#8211;<\/td><\/tr><\/tbody><\/table><\/figure>\n\n\n\n<p class=\"has-text-align-center has-small-font-size\">D\u00e9moulage diff\u00e9r\u00e9 finition lisse b\u00e9ton gris ou blanc avec possibilit\u00e9 de peinture sur demande<\/p>\n\n\n\n<div style=\"height:40px\" aria-hidden=\"true\" class=\"wp-block-spacer\"><\/div>\n\n\n\n<h1 class=\"wp-block-heading has-text-align-center has-text-color has-link-color wp-elements-21f319f030b0f6b69f42f67fb1df580f\" style=\"color:#009ee2\">Gamme SBC 37<\/h1>\n\n\n\n<p class=\"has-text-align-center\"><strong>El\u00e9ments de protection chasse-roues pour voies urbaines, emp\u00eachent tout v\u00e9hicules de sortir de sa voie<\/strong><\/p>\n\n\n<div class=\"wp-block-image\">\n<figure class=\"aligncenter size-large\"><img loading=\"lazy\" decoding=\"async\" width=\"1024\" height=\"758\" src=\"https:\/\/www.sbcprefa.fr\/wp-content\/uploads\/2023\/09\/Gamme-SBC-37_SBC-Prefa-1024x758.jpg\" alt=\"\" class=\"wp-image-1937\" srcset=\"https:\/\/www.sbcprefa.fr\/wp-content\/uploads\/2023\/09\/Gamme-SBC-37_SBC-Prefa-1024x758.jpg 1024w, https:\/\/www.sbcprefa.fr\/wp-content\/uploads\/2023\/09\/Gamme-SBC-37_SBC-Prefa-300x222.jpg 300w, https:\/\/www.sbcprefa.fr\/wp-content\/uploads\/2023\/09\/Gamme-SBC-37_SBC-Prefa-768x568.jpg 768w, https:\/\/www.sbcprefa.fr\/wp-content\/uploads\/2023\/09\/Gamme-SBC-37_SBC-Prefa-1536x1137.jpg 1536w, https:\/\/www.sbcprefa.fr\/wp-content\/uploads\/2023\/09\/Gamme-SBC-37_SBC-Prefa.jpg 2016w\" sizes=\"auto, (max-width: 1024px) 100vw, 1024px\" \/><\/figure>\n<\/div>\n\n\n<figure class=\"wp-block-table\"><table class=\"has-fixed-layout\"><thead><tr><th class=\"has-text-align-center\" data-align=\"center\">\u00e9l\u00e9ment droit<\/th><th class=\"has-text-align-center\" data-align=\"center\">sifflets (g\/d)<\/th><th class=\"has-text-align-center\" data-align=\"center\">\u00e9l\u00e9ments d&rsquo;angle<\/th><th class=\"has-text-align-center\" data-align=\"center\">\u00e9l\u00e9ment courbe<\/th><\/tr><\/thead><tbody><tr><td class=\"has-text-align-center\" data-align=\"center\">Longueur : 1 m<br>Poids : 180 kg<\/td><td class=\"has-text-align-center\" data-align=\"center\">Longueur : 1 m<br>Poids : 180 kg<\/td><td class=\"has-text-align-center\" data-align=\"center\">Rayons : 3,5 \u00e0 16 m<br>Poids 80 kg<\/td><td class=\"has-text-align-center\" data-align=\"center\">Rayon : 0,45 m<br>Poids : 71 kg<\/td><\/tr><tr><td class=\"has-text-align-center\" data-align=\"center\">&#8211;<\/td><td class=\"has-text-align-center\" data-align=\"center\">&#8211;<\/td><td class=\"has-text-align-center\" data-align=\"center\">Rayons : 1,1 \u00e0 3 m<br>Poids 26 kg<\/td><td class=\"has-text-align-center\" data-align=\"center\">&#8211;<\/td><\/tr><\/tbody><\/table><\/figure>\n\n\n\n<p class=\"has-text-align-center has-small-font-size\">D\u00e9moulage diff\u00e9r\u00e9 finition lisse b\u00e9ton gris ou blanc avec possibilit\u00e9 de peinture sur demande<\/p>\n\n\n\n<div style=\"height:30px\" aria-hidden=\"true\" class=\"wp-block-spacer\"><\/div>\n\n\n\n<h2 class=\"wp-block-heading has-text-align-center\"><strong>Fiche produit(s) : Gammes SBC 34 &#8211; SBC 37 &#8211; SBC 50<\/strong><\/h2>\n\n\n<div class=\"wp-block-image\">\n<figure class=\"aligncenter size-large is-resized\"><img loading=\"lazy\" decoding=\"async\" width=\"730\" height=\"1024\" src=\"https:\/\/www.sbcprefa.fr\/wp-content\/uploads\/2024\/09\/Thumb-SBC-34-37-50-730x1024.jpg\" alt=\"\" class=\"wp-image-2510\" style=\"width:346px;height:485px\" srcset=\"https:\/\/www.sbcprefa.fr\/wp-content\/uploads\/2024\/09\/Thumb-SBC-34-37-50-730x1024.jpg 730w, https:\/\/www.sbcprefa.fr\/wp-content\/uploads\/2024\/09\/Thumb-SBC-34-37-50-214x300.jpg 214w, https:\/\/www.sbcprefa.fr\/wp-content\/uploads\/2024\/09\/Thumb-SBC-34-37-50-768x1077.jpg 768w, https:\/\/www.sbcprefa.fr\/wp-content\/uploads\/2024\/09\/Thumb-SBC-34-37-50-1095x1536.jpg 1095w, https:\/\/www.sbcprefa.fr\/wp-content\/uploads\/2024\/09\/Thumb-SBC-34-37-50-1460x2048.jpg 1460w, https:\/\/www.sbcprefa.fr\/wp-content\/uploads\/2024\/09\/Thumb-SBC-34-37-50.jpg 1664w\" sizes=\"auto, (max-width: 730px) 100vw, 730px\" \/><\/figure>\n<\/div>\n\n\n<div class=\"wp-block-file aligncenter\"><a id=\"wp-block-file--media-648a6b31-33d0-46c7-8e8e-866c0e6a5cce\" href=\"https:\/\/www.sbcprefa.fr\/wp-content\/uploads\/2024\/09\/Print-Fiche-RV_SBC-34-37-50.pdf\">Print Fiche RV_SBC 34-37-50<\/a><a href=\"https:\/\/www.sbcprefa.fr\/wp-content\/uploads\/2024\/09\/Print-Fiche-RV_SBC-34-37-50.pdf\" class=\"wp-block-file__button wp-element-button\" download aria-describedby=\"wp-block-file--media-648a6b31-33d0-46c7-8e8e-866c0e6a5cce\">T\u00e9l\u00e9charger<\/a><\/div>\n","protected":false},"excerpt":{"rendered":"<p>\u00c9L\u00c9MENTS DE PROTECTION ET S\u00c9CURIT\u00c9 URBAINE Gamme SBC 34 El\u00e9ments de protection chasse-roues pour voies urbaines, terre-pleins centraux et ronds-points \u00e9l\u00e9ment droit sifflets (g\/d) \u00e9l\u00e9ment d&rsquo;angle \u00e9l\u00e9ment courbe Longueur : &#8230;<\/p>\n","protected":false},"author":2,"featured_media":0,"parent":0,"menu_order":0,"comment_status":"closed","ping_status":"closed","template":"","meta":{"footnotes":""},"class_list":["post-1588","page","type-page","status-publish","hentry"],"yoast_head":"<!-- This site is optimized with the Yoast SEO plugin v27.3 - https:\/\/yoast.com\/product\/yoast-seo-wordpress\/ -->\n<title>\u00c9L\u00c9MENTS DE PROTECTION - SBC Pr\u00e9fa<\/title>\n<meta name=\"description\" content=\"Une gamme compl\u00e8te d&#039;\u00e9l\u00e9ments de protection chasse-roues pour voirie et s\u00e9curit\u00e9 urbaine, terre-pleins centraux et ronds-points.\" \/>\n<meta name=\"robots\" content=\"index, follow, max-snippet:-1, max-image-preview:large, max-video-preview:-1\" \/>\n<link rel=\"canonical\" href=\"https:\/\/www.sbcprefa.fr\/index.php\/securite-routiere\/\" \/>\n<meta property=\"og:locale\" content=\"fr_FR\" \/>\n<meta property=\"og:type\" content=\"article\" \/>\n<meta property=\"og:title\" content=\"\u00c9L\u00c9MENTS DE PROTECTION - SBC Pr\u00e9fa\" \/>\n<meta property=\"og:description\" content=\"Une gamme compl\u00e8te d&#039;\u00e9l\u00e9ments de protection chasse-roues pour voirie et s\u00e9curit\u00e9 urbaine, terre-pleins centraux et ronds-points.\" \/>\n<meta property=\"og:url\" content=\"https:\/\/www.sbcprefa.fr\/index.php\/securite-routiere\/\" \/>\n<meta property=\"og:site_name\" content=\"SBC Pr\u00e9fa\" \/>\n<meta property=\"article:modified_time\" content=\"2025-10-06T13:52:23+00:00\" \/>\n<meta property=\"og:image\" content=\"https:\/\/www.sbcprefa.fr\/wp-content\/uploads\/2025\/10\/CO2-_SBC.jpg\" \/>\n\t<meta property=\"og:image:width\" content=\"308\" \/>\n\t<meta property=\"og:image:height\" content=\"172\" \/>\n\t<meta property=\"og:image:type\" content=\"image\/jpeg\" \/>\n<meta name=\"twitter:card\" content=\"summary_large_image\" \/>\n<meta name=\"twitter:label1\" content=\"Dur\u00e9e de lecture estim\u00e9e\" \/>\n\t<meta name=\"twitter:data1\" content=\"3 minutes\" \/>\n<script type=\"application\/ld+json\" class=\"yoast-schema-graph\">{\"@context\":\"https:\\\/\\\/schema.org\",\"@graph\":[{\"@type\":\"WebPage\",\"@id\":\"https:\\\/\\\/www.sbcprefa.fr\\\/index.php\\\/securite-routiere\\\/\",\"url\":\"https:\\\/\\\/www.sbcprefa.fr\\\/index.php\\\/securite-routiere\\\/\",\"name\":\"\u00c9L\u00c9MENTS DE PROTECTION - SBC Pr\u00e9fa\",\"isPartOf\":{\"@id\":\"https:\\\/\\\/www.sbcprefa.fr\\\/#website\"},\"primaryImageOfPage\":{\"@id\":\"https:\\\/\\\/www.sbcprefa.fr\\\/index.php\\\/securite-routiere\\\/#primaryimage\"},\"image\":{\"@id\":\"https:\\\/\\\/www.sbcprefa.fr\\\/index.php\\\/securite-routiere\\\/#primaryimage\"},\"thumbnailUrl\":\"https:\\\/\\\/www.sbcprefa.fr\\\/wp-content\\\/uploads\\\/2025\\\/10\\\/CO2-_SBC.jpg\",\"datePublished\":\"2023-08-30T15:43:26+00:00\",\"dateModified\":\"2025-10-06T13:52:23+00:00\",\"description\":\"Une gamme compl\u00e8te d'\u00e9l\u00e9ments de protection chasse-roues pour voirie et s\u00e9curit\u00e9 urbaine, terre-pleins centraux et ronds-points.\",\"breadcrumb\":{\"@id\":\"https:\\\/\\\/www.sbcprefa.fr\\\/index.php\\\/securite-routiere\\\/#breadcrumb\"},\"inLanguage\":\"fr-FR\",\"potentialAction\":[{\"@type\":\"ReadAction\",\"target\":[\"https:\\\/\\\/www.sbcprefa.fr\\\/index.php\\\/securite-routiere\\\/\"]}]},{\"@type\":\"ImageObject\",\"inLanguage\":\"fr-FR\",\"@id\":\"https:\\\/\\\/www.sbcprefa.fr\\\/index.php\\\/securite-routiere\\\/#primaryimage\",\"url\":\"https:\\\/\\\/www.sbcprefa.fr\\\/wp-content\\\/uploads\\\/2025\\\/10\\\/CO2-_SBC.jpg\",\"contentUrl\":\"https:\\\/\\\/www.sbcprefa.fr\\\/wp-content\\\/uploads\\\/2025\\\/10\\\/CO2-_SBC.jpg\",\"width\":308,\"height\":172,\"caption\":\"Empreinte carbone r\u00e9duite\"},{\"@type\":\"BreadcrumbList\",\"@id\":\"https:\\\/\\\/www.sbcprefa.fr\\\/index.php\\\/securite-routiere\\\/#breadcrumb\",\"itemListElement\":[{\"@type\":\"ListItem\",\"position\":1,\"name\":\"Accueil\",\"item\":\"https:\\\/\\\/www.sbcprefa.fr\\\/\"},{\"@type\":\"ListItem\",\"position\":2,\"name\":\"\u00c9L\u00c9MENTS DE PROTECTION\"}]},{\"@type\":\"WebSite\",\"@id\":\"https:\\\/\\\/www.sbcprefa.fr\\\/#website\",\"url\":\"https:\\\/\\\/www.sbcprefa.fr\\\/\",\"name\":\"SBC Pr\u00e9fa\",\"description\":\"Solutions pr\u00e9fabriqu\u00e9es en b\u00e9ton en Auvergne, Rh\u00f4ne-Alpes\",\"publisher\":{\"@id\":\"https:\\\/\\\/www.sbcprefa.fr\\\/#organization\"},\"potentialAction\":[{\"@type\":\"SearchAction\",\"target\":{\"@type\":\"EntryPoint\",\"urlTemplate\":\"https:\\\/\\\/www.sbcprefa.fr\\\/?s={search_term_string}\"},\"query-input\":{\"@type\":\"PropertyValueSpecification\",\"valueRequired\":true,\"valueName\":\"search_term_string\"}}],\"inLanguage\":\"fr-FR\"},{\"@type\":\"Organization\",\"@id\":\"https:\\\/\\\/www.sbcprefa.fr\\\/#organization\",\"name\":\"SBC Pr\u00e9fa\",\"url\":\"https:\\\/\\\/www.sbcprefa.fr\\\/\",\"logo\":{\"@type\":\"ImageObject\",\"inLanguage\":\"fr-FR\",\"@id\":\"https:\\\/\\\/www.sbcprefa.fr\\\/#\\\/schema\\\/logo\\\/image\\\/\",\"url\":\"https:\\\/\\\/www.sbcprefa.fr\\\/wp-content\\\/uploads\\\/2023\\\/08\\\/cropped-Logo-SBC-Prefa_Header2-1.png\",\"contentUrl\":\"https:\\\/\\\/www.sbcprefa.fr\\\/wp-content\\\/uploads\\\/2023\\\/08\\\/cropped-Logo-SBC-Prefa_Header2-1.png\",\"width\":132,\"height\":50,\"caption\":\"SBC Pr\u00e9fa\"},\"image\":{\"@id\":\"https:\\\/\\\/www.sbcprefa.fr\\\/#\\\/schema\\\/logo\\\/image\\\/\"}}]}<\/script>\n<!-- \/ Yoast SEO plugin. -->","yoast_head_json":{"title":"\u00c9L\u00c9MENTS DE PROTECTION - SBC Pr\u00e9fa","description":"Une gamme compl\u00e8te d'\u00e9l\u00e9ments de protection chasse-roues pour voirie et s\u00e9curit\u00e9 urbaine, terre-pleins centraux et ronds-points.","robots":{"index":"index","follow":"follow","max-snippet":"max-snippet:-1","max-image-preview":"max-image-preview:large","max-video-preview":"max-video-preview:-1"},"canonical":"https:\/\/www.sbcprefa.fr\/index.php\/securite-routiere\/","og_locale":"fr_FR","og_type":"article","og_title":"\u00c9L\u00c9MENTS DE PROTECTION - SBC Pr\u00e9fa","og_description":"Une gamme compl\u00e8te d'\u00e9l\u00e9ments de protection chasse-roues pour voirie et s\u00e9curit\u00e9 urbaine, terre-pleins centraux et ronds-points.","og_url":"https:\/\/www.sbcprefa.fr\/index.php\/securite-routiere\/","og_site_name":"SBC Pr\u00e9fa","article_modified_time":"2025-10-06T13:52:23+00:00","og_image":[{"width":308,"height":172,"url":"https:\/\/www.sbcprefa.fr\/wp-content\/uploads\/2025\/10\/CO2-_SBC.jpg","type":"image\/jpeg"}],"twitter_card":"summary_large_image","twitter_misc":{"Dur\u00e9e de lecture estim\u00e9e":"3 minutes"},"schema":{"@context":"https:\/\/schema.org","@graph":[{"@type":"WebPage","@id":"https:\/\/www.sbcprefa.fr\/index.php\/securite-routiere\/","url":"https:\/\/www.sbcprefa.fr\/index.php\/securite-routiere\/","name":"\u00c9L\u00c9MENTS DE PROTECTION - SBC Pr\u00e9fa","isPartOf":{"@id":"https:\/\/www.sbcprefa.fr\/#website"},"primaryImageOfPage":{"@id":"https:\/\/www.sbcprefa.fr\/index.php\/securite-routiere\/#primaryimage"},"image":{"@id":"https:\/\/www.sbcprefa.fr\/index.php\/securite-routiere\/#primaryimage"},"thumbnailUrl":"https:\/\/www.sbcprefa.fr\/wp-content\/uploads\/2025\/10\/CO2-_SBC.jpg","datePublished":"2023-08-30T15:43:26+00:00","dateModified":"2025-10-06T13:52:23+00:00","description":"Une gamme compl\u00e8te d'\u00e9l\u00e9ments de protection chasse-roues pour voirie et s\u00e9curit\u00e9 urbaine, terre-pleins centraux et ronds-points.","breadcrumb":{"@id":"https:\/\/www.sbcprefa.fr\/index.php\/securite-routiere\/#breadcrumb"},"inLanguage":"fr-FR","potentialAction":[{"@type":"ReadAction","target":["https:\/\/www.sbcprefa.fr\/index.php\/securite-routiere\/"]}]},{"@type":"ImageObject","inLanguage":"fr-FR","@id":"https:\/\/www.sbcprefa.fr\/index.php\/securite-routiere\/#primaryimage","url":"https:\/\/www.sbcprefa.fr\/wp-content\/uploads\/2025\/10\/CO2-_SBC.jpg","contentUrl":"https:\/\/www.sbcprefa.fr\/wp-content\/uploads\/2025\/10\/CO2-_SBC.jpg","width":308,"height":172,"caption":"Empreinte carbone r\u00e9duite"},{"@type":"BreadcrumbList","@id":"https:\/\/www.sbcprefa.fr\/index.php\/securite-routiere\/#breadcrumb","itemListElement":[{"@type":"ListItem","position":1,"name":"Accueil","item":"https:\/\/www.sbcprefa.fr\/"},{"@type":"ListItem","position":2,"name":"\u00c9L\u00c9MENTS DE PROTECTION"}]},{"@type":"WebSite","@id":"https:\/\/www.sbcprefa.fr\/#website","url":"https:\/\/www.sbcprefa.fr\/","name":"SBC Pr\u00e9fa","description":"Solutions pr\u00e9fabriqu\u00e9es en b\u00e9ton en Auvergne, Rh\u00f4ne-Alpes","publisher":{"@id":"https:\/\/www.sbcprefa.fr\/#organization"},"potentialAction":[{"@type":"SearchAction","target":{"@type":"EntryPoint","urlTemplate":"https:\/\/www.sbcprefa.fr\/?s={search_term_string}"},"query-input":{"@type":"PropertyValueSpecification","valueRequired":true,"valueName":"search_term_string"}}],"inLanguage":"fr-FR"},{"@type":"Organization","@id":"https:\/\/www.sbcprefa.fr\/#organization","name":"SBC Pr\u00e9fa","url":"https:\/\/www.sbcprefa.fr\/","logo":{"@type":"ImageObject","inLanguage":"fr-FR","@id":"https:\/\/www.sbcprefa.fr\/#\/schema\/logo\/image\/","url":"https:\/\/www.sbcprefa.fr\/wp-content\/uploads\/2023\/08\/cropped-Logo-SBC-Prefa_Header2-1.png","contentUrl":"https:\/\/www.sbcprefa.fr\/wp-content\/uploads\/2023\/08\/cropped-Logo-SBC-Prefa_Header2-1.png","width":132,"height":50,"caption":"SBC Pr\u00e9fa"},"image":{"@id":"https:\/\/www.sbcprefa.fr\/#\/schema\/logo\/image\/"}}]}},"_links":{"self":[{"href":"https:\/\/www.sbcprefa.fr\/index.php\/wp-json\/wp\/v2\/pages\/1588","targetHints":{"allow":["GET"]}}],"collection":[{"href":"https:\/\/www.sbcprefa.fr\/index.php\/wp-json\/wp\/v2\/pages"}],"about":[{"href":"https:\/\/www.sbcprefa.fr\/index.php\/wp-json\/wp\/v2\/types\/page"}],"author":[{"embeddable":true,"href":"https:\/\/www.sbcprefa.fr\/index.php\/wp-json\/wp\/v2\/users\/2"}],"replies":[{"embeddable":true,"href":"https:\/\/www.sbcprefa.fr\/index.php\/wp-json\/wp\/v2\/comments?post=1588"}],"version-history":[{"count":46,"href":"https:\/\/www.sbcprefa.fr\/index.php\/wp-json\/wp\/v2\/pages\/1588\/revisions"}],"predecessor-version":[{"id":2689,"href":"https:\/\/www.sbcprefa.fr\/index.php\/wp-json\/wp\/v2\/pages\/1588\/revisions\/2689"}],"wp:attachment":[{"href":"https:\/\/www.sbcprefa.fr\/index.php\/wp-json\/wp\/v2\/media?parent=1588"}],"curies":[{"name":"wp","href":"https:\/\/api.w.org\/{rel}","templated":true}]}}